{"id":193,"date":"2024-10-11T12:22:22","date_gmt":"2024-10-11T10:22:22","guid":{"rendered":"https:\/\/omasgegenrechts-saarland.net\/?page_id=193"},"modified":"2024-10-11T12:42:18","modified_gmt":"2024-10-11T10:42:18","slug":"impressum","status":"publish","type":"page","link":"https:\/\/omasgegenrechts-saarland.net\/?page_id=193","title":{"rendered":"Impressum"},"content":{"rendered":"\t\t<div data-elementor-type=\"wp-page\" data-elementor-id=\"193\" class=\"elementor elementor-193\" data-elementor-post-type=\"page\">\n\t\t\t\t<div class=\"elementor-element elementor-element-6eb225e7 e-flex e-con-boxed e-con e-parent\" data-id=\"6eb225e7\" data-element_type=\"container\">\n\t\t\t\t\t<div class=\"e-con-inner\">\n\t\t\t\t<div class=\"elementor-element elementor-element-bb24c1c elementor-widget elementor-widget-heading\" data-id=\"bb24c1c\" data-element_type=\"widget\" data-widget_type=\"heading.default\">\n\t\t\t\t<div class=\"elementor-widget-container\">\n\t\t\t<h2 class=\"elementor-heading-title elementor-size-default\">Impressum<\/h2>\t\t<\/div>\n\t\t\t\t<\/div>\n\t\t\t\t<div class=\"elementor-element elementor-element-cc616f2 elementor-widget elementor-widget-heading\" data-id=\"cc616f2\" data-element_type=\"widget\" data-widget_type=\"heading.default\">\n\t\t\t\t<div class=\"elementor-widget-container\">\n\t\t\t<div class=\"elementor-heading-title elementor-size-default\">OMAS GEGEN RECHTS SAARLAND<\/div>\t\t<\/div>\n\t\t\t\t<\/div>\n\t\t\t\t<div class=\"elementor-element elementor-element-1cd76dc elementor-widget elementor-widget-text-editor\" data-id=\"1cd76dc\" data-element_type=\"widget\" data-widget_type=\"text-editor.default\">\n\t\t\t\t<div class=\"elementor-widget-container\">\n\t\t\t\t\t\t\t<p>[Name]<br \/>[Adresse \/ Postfach]<br \/>[PLZ, Ort]<br \/>Deutschland<\/p>\t\t\t\t\t\t<\/div>\n\t\t\t\t<\/div>\n\t\t\t\t<div class=\"elementor-element elementor-element-678668c elementor-widget elementor-widget-heading\" data-id=\"678668c\" data-element_type=\"widget\" data-widget_type=\"heading.default\">\n\t\t\t\t<div class=\"elementor-widget-container\">\n\t\t\t<h3 class=\"elementor-heading-title elementor-size-default\">Kontakt<\/h3>\t\t<\/div>\n\t\t\t\t<\/div>\n\t\t\t\t<div class=\"elementor-element elementor-element-4a42749 elementor-widget elementor-widget-text-editor\" data-id=\"4a42749\" data-element_type=\"widget\" data-widget_type=\"text-editor.default\">\n\t\t\t\t<div class=\"elementor-widget-container\">\n\t\t\t\t\t\t\tE-Mail: <a href=\"mailto:info@omasgegenrechts-saarland.net\" style=\"color: #CC342E;\">info@omasgegenrechts-saarland.net<\/a>\t\t\t\t\t\t<\/div>\n\t\t\t\t<\/div>\n\t\t\t\t<div class=\"elementor-element elementor-element-bde56dc elementor-widget elementor-widget-heading\" data-id=\"bde56dc\" data-element_type=\"widget\" data-widget_type=\"heading.default\">\n\t\t\t\t<div class=\"elementor-widget-container\">\n\t\t\t<h3 class=\"elementor-heading-title elementor-size-default\">Haftungsausschluss<\/h3>\t\t<\/div>\n\t\t\t\t<\/div>\n\t\t\t\t<div class=\"elementor-element elementor-element-6df1ce5 elementor-widget elementor-widget-text-editor\" data-id=\"6df1ce5\" data-element_type=\"widget\" data-widget_type=\"text-editor.default\">\n\t\t\t\t<div class=\"elementor-widget-container\">\n\t\t\t\t\t\t\t<p>Die Inhalte dieser Webseite wurden mit gr\u00f6\u00dfter Sorgfalt erstellt. Dennoch kann f\u00fcr die Richtigkeit, Vollst\u00e4ndigkeit und Aktualit\u00e4t der bereitgestellten Informationen keine Gew\u00e4hr \u00fcbernommen werden. Die OMAS GEGEN RECHTS SAARLAND sind gem\u00e4\u00df \u00a7 7 Abs. 1 TMG f\u00fcr eigene Inhalte verantwortlich, jedoch nicht verpflichtet, \u00fcbermittelte oder gespeicherte fremde Informationen zu \u00fcberwachen (\u00a7\u00a7 8 bis 10 TMG).<\/p>\t\t\t\t\t\t<\/div>\n\t\t\t\t<\/div>\n\t\t\t\t<div class=\"elementor-element elementor-element-fec0414 elementor-widget elementor-widget-heading\" data-id=\"fec0414\" data-element_type=\"widget\" data-widget_type=\"heading.default\">\n\t\t\t\t<div class=\"elementor-widget-container\">\n\t\t\t<h3 class=\"elementor-heading-title elementor-size-default\">Urheberrecht<\/h3>\t\t<\/div>\n\t\t\t\t<\/div>\n\t\t\t\t<div class=\"elementor-element elementor-element-00a078e elementor-widget elementor-widget-text-editor\" data-id=\"00a078e\" data-element_type=\"widget\" data-widget_type=\"text-editor.default\">\n\t\t\t\t<div class=\"elementor-widget-container\">\n\t\t\t\t\t\t\t<p>Die durch die Betreiber dieser Webseite erstellten Inhalte und Werke unterliegen dem deutschen Urheberrecht. Die Vervielf\u00e4ltigung, Bearbeitung, Verbreitung und jede Art der Verwertung au\u00dferhalb der Grenzen des Urheberrechts bed\u00fcrfen der schriftlichen Zustimmung des jeweiligen Autors bzw. Erstellers.<\/p>\t\t\t\t\t\t<\/div>\n\t\t\t\t<\/div>\n\t\t\t\t<div class=\"elementor-element elementor-element-53c83a6 elementor-widget elementor-widget-heading\" data-id=\"53c83a6\" data-element_type=\"widget\" data-widget_type=\"heading.default\">\n\t\t\t\t<div class=\"elementor-widget-container\">\n\t\t\t<h3 class=\"elementor-heading-title elementor-size-default\">Linkhaftung<\/h3>\t\t<\/div>\n\t\t\t\t<\/div>\n\t\t\t\t<div class=\"elementor-element elementor-element-2822f11 elementor-widget elementor-widget-text-editor\" data-id=\"2822f11\" data-element_type=\"widget\" data-widget_type=\"text-editor.default\">\n\t\t\t\t<div class=\"elementor-widget-container\">\n\t\t\t\t\t\t\t<p>F\u00fcr die Inhalte externer Links wird keine Haftung \u00fcbernommen. F\u00fcr den Inhalt der verlinkten Seiten sind ausschlie\u00dflich deren Betreiber verantwortlich.<\/p>\t\t\t\t\t\t<\/div>\n\t\t\t\t<\/div>\n\t\t\t\t\t<\/div>\n\t\t\t\t<\/div>\n\t\t\t\t<\/div>\n\t\t","protected":false},"excerpt":{"rendered":"<p>Impressum OMAS GEGEN RECHTS SAARLAND [Name][Adresse \/ Postfach][PLZ, Ort]Deutschland Kontakt E-Mail: info@omasgegenrechts-saarland.net Haftungsausschluss Die Inhalte dieser Webseite wurden mit gr\u00f6\u00dfter Sorgfalt erstellt. Dennoch kann f\u00fcr die Richtigkeit, Vollst\u00e4ndigkeit und Aktualit\u00e4t der bereitgestellten Informationen keine Gew\u00e4hr \u00fcbernommen werden. Die OMAS GEGEN RECHTS SAARLAND sind gem\u00e4\u00df \u00a7 7 Abs. 1 TMG f\u00fcr eigene Inhalte verantwortlich, jedoch nicht [&hellip;]<\/p>\n","protected":false},"author":1,"featured_media":0,"parent":0,"menu_order":0,"comment_status":"closed","ping_status":"closed","template":"elementor_header_footer","meta":{"footnotes":""},"class_list":["post-193","page","type-page","status-publish","hentry"],"_links":{"self":[{"href":"https:\/\/omasgegenrechts-saarland.net\/index.php?rest_route=\/wp\/v2\/pages\/193","targetHints":{"allow":["GET"]}}],"collection":[{"href":"https:\/\/omasgegenrechts-saarland.net\/index.php?rest_route=\/wp\/v2\/pages"}],"about":[{"href":"https:\/\/omasgegenrechts-saarland.net\/index.php?rest_route=\/wp\/v2\/types\/page"}],"author":[{"embeddable":true,"href":"https:\/\/omasgegenrechts-saarland.net\/index.php?rest_route=\/wp\/v2\/users\/1"}],"replies":[{"embeddable":true,"href":"https:\/\/omasgegenrechts-saarland.net\/index.php?rest_route=%2Fwp%2Fv2%2Fcomments&post=193"}],"version-history":[{"count":7,"href":"https:\/\/omasgegenrechts-saarland.net\/index.php?rest_route=\/wp\/v2\/pages\/193\/revisions"}],"predecessor-version":[{"id":229,"href":"https:\/\/omasgegenrechts-saarland.net\/index.php?rest_route=\/wp\/v2\/pages\/193\/revisions\/229"}],"wp:attachment":[{"href":"https:\/\/omasgegenrechts-saarland.net\/index.php?rest_route=%2Fwp%2Fv2%2Fmedia&parent=193"}],"curies":[{"name":"wp","href":"https:\/\/api.w.org\/{rel}","templated":true}]}}